{"id":92,"date":"2019-08-21T00:04:30","date_gmt":"2019-08-20T22:04:30","guid":{"rendered":"http:\/\/caussou.fr\/?page_id=92"},"modified":"2025-11-05T10:56:23","modified_gmt":"2025-11-05T09:56:23","slug":"accueil","status":"publish","type":"page","link":"https:\/\/caussou.fr\/","title":{"rendered":"Accueil"},"content":{"rendered":"<h4 style=\"text-align: center;\">Le village de Caussou et son hameau de Savenac vous souhaitent la bienvenue !<\/h4>\n<p style=\"text-align: right;\">.<\/p>\n<h2 style=\"text-align: center;\"><span style=\"color: #ff0000;\"><strong>Actualit\u00e9s de Caussou<\/strong><\/span><\/h2>\n<p style=\"text-align: right;\">.<\/p>\n<h3 style=\"text-align: center;\"><strong><span style=\"color: #ff0000;\">Comm\u00e9moration du 11 novembre 1918<\/span><\/strong><\/h3>\n<p style=\"text-align: right;\">.<\/p>\n<div>\u00a0<\/div>\n<p><img loading=\"lazy\" decoding=\"async\" class=\"size-full wp-image-855 aligncenter\" src=\"http:\/\/caussou.fr\/wp-content\/uploads\/2025\/11\/Capture-decran-2025-11-05-a-10.54.28.png\" alt=\"Caussou 11 nov\" width=\"487\" height=\"704\" srcset=\"https:\/\/caussou.fr\/wp-content\/uploads\/2025\/11\/Capture-decran-2025-11-05-a-10.54.28.png 487w, https:\/\/caussou.fr\/wp-content\/uploads\/2025\/11\/Capture-decran-2025-11-05-a-10.54.28-208x300.png 208w\" sizes=\"(max-width: 487px) 100vw, 487px\" \/><\/p>\n<div>\n<p style=\"text-align: center;\"><span style=\"color: #000000;\">**********<\/span><\/p>\n<h3 style=\"text-align: center;\"><strong><span style=\"color: #ff0000;\">Programme pr\u00e9visionnel 2\u00e8me semestre 2025 des activit\u00e9s de l&rsquo;Estanquet<\/span><\/strong><\/h3>\n<p style=\"text-align: right;\">.<\/p>\n<p><span style=\"font-size: revert; color: initial;\">Pour toutes les inscriptions aux activit\u00e9s organis\u00e9es par l&rsquo;Estanquet, vous pouvez vous inscrire :<\/span><\/p>\n<ul>\n<li><span style=\"font-size: revert; color: initial;\">par t\u00e9l\u00e9phone au 06.47.90.50.28<\/span><\/li>\n<li><span style=\"font-size: revert; color: initial;\">ou par e-mail \u00e0 ccac.lestanquet@gmail.com<\/span><\/li>\n<\/ul>\n<p style=\"text-align: right;\">.<\/p>\n<h3 style=\"text-align: center;\">\u00a0<\/h3>\n<\/div>\n<div class=\"column\"><img loading=\"lazy\" decoding=\"async\" class=\"size-full wp-image-843 aligncenter\" src=\"http:\/\/caussou.fr\/wp-content\/uploads\/2025\/07\/Capture-decran-2025-07-22-a-19.49.21.png\" alt=\"\" width=\"618\" height=\"723\" srcset=\"https:\/\/caussou.fr\/wp-content\/uploads\/2025\/07\/Capture-decran-2025-07-22-a-19.49.21.png 618w, https:\/\/caussou.fr\/wp-content\/uploads\/2025\/07\/Capture-decran-2025-07-22-a-19.49.21-256x300.png 256w\" sizes=\"(max-width: 618px) 100vw, 618px\" \/><\/div>\n<div class=\"column\">\u00a0<\/div>\n<p style=\"text-align: center;\">****************.<\/p>\n<h4 style=\"text-align: center;\">\u00a0<\/h4>\n\n\n<h4 class=\"wp-block-heading has-text-align-center has-text-color\" style=\"color:#f00000\">Le dernier bulletin Caussou-Info : <a href=\"http:\/\/caussou.fr\/wp-content\/uploads\/2025\/04\/Caussou-infos-95-Avril-2025.pdf\" target=\"_blank\" rel=\"noreferrer noopener\">ici<\/a><\/h4>\n\n\n\n<p><\/p>\n\n\n\n<p><\/p>\n\n\n\n<p><\/p>\n","protected":false},"excerpt":{"rendered":"<p>Le village de Caussou et son hameau de Savenac vous souhaitent la bienvenue ! . Actualit\u00e9s de Caussou . Comm\u00e9moration [&hellip;]<\/p>\n","protected":false},"author":1,"featured_media":0,"parent":0,"menu_order":0,"comment_status":"closed","ping_status":"closed","template":"","meta":{"footnotes":""},"_links":{"self":[{"href":"https:\/\/caussou.fr\/index.php\/wp-json\/wp\/v2\/pages\/92"}],"collection":[{"href":"https:\/\/caussou.fr\/index.php\/wp-json\/wp\/v2\/pages"}],"about":[{"href":"https:\/\/caussou.fr\/index.php\/wp-json\/wp\/v2\/types\/page"}],"author":[{"embeddable":true,"href":"https:\/\/caussou.fr\/index.php\/wp-json\/wp\/v2\/users\/1"}],"replies":[{"embeddable":true,"href":"https:\/\/caussou.fr\/index.php\/wp-json\/wp\/v2\/comments?post=92"}],"version-history":[{"count":214,"href":"https:\/\/caussou.fr\/index.php\/wp-json\/wp\/v2\/pages\/92\/revisions"}],"predecessor-version":[{"id":856,"href":"https:\/\/caussou.fr\/index.php\/wp-json\/wp\/v2\/pages\/92\/revisions\/856"}],"wp:attachment":[{"href":"https:\/\/caussou.fr\/index.php\/wp-json\/wp\/v2\/media?parent=92"}],"curies":[{"name":"wp","href":"https:\/\/api.w.org\/{rel}","templated":true}]}}

<h4 style="text-align: center;">Le village de Caussou et son hameau de Savenac vous souhaitent la bienvenue !</h4>
<p style="text-align: right;">.</p>
<h2 style="text-align: center;"><span style="color: #ff0000;"><strong>Actualités de Caussou</strong></span></h2>
<p style="text-align: right;">.</p>
<h3 style="text-align: center;"><strong><span style="color: #ff0000;">Commémoration du 11 novembre 1918</span></strong></h3>
<p style="text-align: right;">.</p>
<div> </div>
<p><img loading="lazy" decoding="async" class="size-full wp-image-855 aligncenter" src="http://caussou.fr/wp-content/uploads/2025/11/Capture-decran-2025-11-05-a-10.54.28.png" alt="Caussou 11 nov" width="487" height="704" srcset="https://caussou.fr/wp-content/uploads/2025/11/Capture-decran-2025-11-05-a-10.54.28.png 487w, https://caussou.fr/wp-content/uploads/2025/11/Capture-decran-2025-11-05-a-10.54.28-208x300.png 208w" sizes="(max-width: 487px) 100vw, 487px" /></p>
<div>
<p style="text-align: center;"><span style="color: #000000;">**********</span></p>
<h3 style="text-align: center;"><strong><span style="color: #ff0000;">Programme prévisionnel 2ème semestre 2025 des activités de l&rsquo;Estanquet</span></strong></h3>
<p style="text-align: right;">.</p>
<p><span style="font-size: revert; color: initial;">Pour toutes les inscriptions aux activités organisées par l&rsquo;Estanquet, vous pouvez vous inscrire :</span></p>
<ul>
<li><span style="font-size: revert; color: initial;">par téléphone au 06.47.90.50.28</span></li>
<li><span style="font-size: revert; color: initial;">ou par e-mail à ccac.lestanquet@gmail.com</span></li>
</ul>
<p style="text-align: right;">.</p>
<h3 style="text-align: center;"> </h3>
</div>
<div class="column"><img loading="lazy" decoding="async" class="size-full wp-image-843 aligncenter" src="http://caussou.fr/wp-content/uploads/2025/07/Capture-decran-2025-07-22-a-19.49.21.png" alt="" width="618" height="723" srcset="https://caussou.fr/wp-content/uploads/2025/07/Capture-decran-2025-07-22-a-19.49.21.png 618w, https://caussou.fr/wp-content/uploads/2025/07/Capture-decran-2025-07-22-a-19.49.21-256x300.png 256w" sizes="(max-width: 618px) 100vw, 618px" /></div>
<div class="column"> </div>
<p style="text-align: center;">****************.</p>
<h4 style="text-align: center;"> </h4>


<h4 class="wp-block-heading has-text-align-center has-text-color" style="color:#f00000">Le dernier bulletin Caussou-Info : <a href="http://caussou.fr/wp-content/uploads/2025/04/Caussou-infos-95-Avril-2025.pdf" target="_blank" rel="noreferrer noopener">ici</a></h4>



<p></p>



<p></p>



<p></p>

<p>Le village de Caussou et son hameau de Savenac vous souhaitent la bienvenue ! . Actualités de Caussou . Commémoration [&hellip;]</p>
